o) = 217*o**2 + 88218*o + 47102. Give i(-406).
6
Let a(s) = 51*s - 17736. Determine a(348).
12
Let z(p) = -242930*p - 2672272. Calculate z(-11).
-42
Let i(n) = 7*n**2 - 874*n + 3817. What is i(121)?
550
Let m(w) = 241*w - 585. Calculate m(3).
138
Let x(k) = k**2 - 976*k - 6890. Determine x(-7).
-9
Let h(d) = 19*d**3 - 55*d**2 - 95*d - 3. Determine h(4).
-47
Let y(w) = -w**3 + 396*w**2 - 7043*w - 2305. What is y(19)?
-25
Let k(v) = -6*v**2 - 1123*v - 28287. What is k(-30)?
3
Let u(d) = d**3 + 59*d**2 + 679*d - 1511. Determine u(-19).
28
Let k(l) = -597*l - 601765. Give k(-1008).
11
Let y(k) = -3*k**2 - 173*k - 873. Determine y(-53).
-131
Let c(h) = -9110*h - 163926. Give c(-18).
54
Let j(r) = -150*r - 3076. Calculate j(-15).
-826
Let o(d) = -11649*d + 69726. Give o(6).
-168
Let g(q) = 7593*q - 61013. What is g(8)?
-269
Let o(q) = -44*q + 628. Determine o(18).
-164
Let r(c) = -3*c**3 + 540*c**2 - 4605*c + 43. What is r(9)?
151
Let u(j) = 3*j**3 + 7*j**2 + 19*j - 4. Calculate u(-6).
-514
Let g(z) = z**2 + 735*z + 10116. Give g(-14).
22
Let t(l) = 19327*l - 289749. What is t(15)?
156
Let r(s) = -s**2 - 5915*s - 35458. Determine r(-6).
-4
Let n(a) = 108499*a + 1301919. Give n(-12).
-69
Let b(d) = 31*d**2 - 8646*d - 18219. Determine b(281).
46
Let q(a) = -1530*a + 100759. Calculate q(66).
-221
Let u(f) = 467*f + 42506. Determine u(-92).
-458
Let l(a) = -3*a**2 + 521*a - 2747. Give l(5).
-217
Let m(v) = -2293*v + 1639549. Calculate m(715).
54
Let m(i) = 64865*i - 64834. Determine m(1).
31
Let j(d) = 8*d**2 + 228*d - 1183. Determine j(0).
-1183
Let c(q) = -q**3 + 637*q**2 - 647*q + 6978. Determine c(636).
-18
Let y(a) = -a**3 + 18*a**2 + 96*a + 498. Give y(24).
-654
Let k(g) = g**2 - 756*g + 6073. Determine k(8).
89
Let a(t) = 199*t**2 - 475*t + 81. What is a(5)?
2681
Let a(j) = -2*j**3 + 26*j**2 - 6*j + 12. Give a(8).
604
Let h(d) = 237*d + 32286. Calculate h(-146).
-2316
Let c(s) = 2*s**3 + 12*s**2 - 1818*s - 10884. What is c(-6)?
24
Let h(c) = -2*c**3 - 93*c**2 - 106*c + 1174. Give h(-45).
-131
Let n(k) = 5684*k + 539984. What is n(-95)?
4
Let h(f) = 140*f**2 - 5017*f + 117. Determine h(36).
945
Let g(q) = -q**3 - 36*q**2 - 3*q - 452. What is g(0)?
-452
Let m(x) = x**2 + 20*x - 25088. What is m(148)?
-224
Let g(i) = -2446*i + 447639. Calculate g(183).
21
Let t(x) = 19618*x - 19581. Give t(1).
37
Let f(u) = -u**2 - 20111*u - 201005. What is f(-10)?
5
Let n(m) = 38*m**3 + 1620*m**2 - 606*m - 60. Calculate n(-43).
112
Let a(p) = 3*p**3 - 984*p**2 + 982*p - 334. What is a(327)?
-7
Let v(d) = -15919*d + 923309. Give v(58).
7
Let r(w) = -3023*w + 187399. Calculate r(62).
-27
Let h(y) = 84*y - 1299. Calculate h(13).
-207
Let g(d) = -82*d**2 - 1704*d + 241. Give g(-21).
-137
Let m(b) = -b**2 + 255*b + 3568. Determine m(-14).
-198
Let o(l) = -6694*l - 408624. Determine o(-61).
-290
Let s(j) = 6550*j - 128232. Determine s(19).
-3782
Let b(r) = 18082*r - 271731. Give b(15).
-501
Let u(q) = 6*q - 926. Determine u(131).
-140
Let f(o) = 1874*o - 14130. Give f(8).
862
Let y(r) = 1882*r + 209051. Calculate y(-111).
149
Let i(l) = -286*l - 37474. Give i(-132).
278
Let q(x) = 279*x - 150. What is q(10)?
2640
Let r(d) = 6*d**2 - 122*d + 550. Give r(6).
34
Let u(c) = -66902*c - 468318. Give u(-7).
-4
Let l(q) = 19344*q - 3056320. What is l(158)?
32
Let r(g) = -4*g**2 - 6989*g + 56167. Calculate r(8).
-1
Let u(m) = m**2 - 782*m + 78. Determine u(0).
78
Let q(j) = 4*j**3 - 282*j**2 + 34*j - 655. Determine q(70).
-8075
Let u(a) = a**3 - 200*a**2 + 2288*a - 6015. What is u(188)?
1
Let m(q) = -16*q**2 + 4339*q + 3545. Calculate m(272).
9
Let z(o) = -4*o**3 + 82*o**2 - 162*o - 8. Calculate z(13).
2956
Let p(c) = c**3 + 169*c**2 - 596*c + 230. Calculate p(3).
-10
Let v(m) = 258*m + 5284. Give v(-17).
898
Let d(u) = u**2 - 233*u + 9426. What is d(187)?
824
Let p(g) = 76*g**2 + 4147*g - 4145. What is p(1)?
78
Let r(z) = z**3 + 138*z**2 - 1757*z - 307225. Calculate r(-134).
37
Let z(h) = -h**3 + 36*h**2 - 2666*h + 65420. Determine z(27).
-1
Let b(d) = 29*d**2 + 324*d - 1960. What is b(6)?
1028
Let w(y) = 1561*y - 7801. Give w(5).
4
Let k(o) = o**3 - 28*o**2 + 108*o - 334. What is k(23)?
-495
Let v(z) = -10770*z + 258125. Give v(24).
-355
Let x(f) = 6*f**2 - 295*f + 2836. Give x(36).
-8
Let y(i) = 228*i**2 - 5*i - 9. Calculate y(-1).
224
Let h(m) = -17*m**2 - 1954*m - 310. Calculate h(-115).
-425
Let z(x) = -147*x**2 - 1024*x - 896. Determine z(-6).
-44
Let z(o) = 69*o**2 + 2143*o - 41. What is z(-31)?
-165
Let d(h) = -13*h**2 + 122*h - 229. Determine d(25).
-5304
Let h(q) = -2*q**2 + 639*q + 5235. Determine h(-8).
-5
Let z(m) = 7626*m**2 - 38119*m - 17. Give z(5).
38
Let g(y) = y**3 - 118*y**2 - 5355*y - 74. Determine g(-35).
-74
Let j(t) = -4*t**2 - 269*t - 1237. What is j(-62)?
65
Let k(a) = 174759*a - 3145655. Calculate k(18).
7
Let d(t) = -5222*t - 109687. What is d(-21)?
-25
Let w(q) = -12*q**3 + 4954*q**2 - 4115*q - 2062. Give w(412).
-2
Let y(h) = 97*h + 2783. Calculate y(-31).
-224
Let d(b) = 21*b**3 - 45*b**2 + 30*b - 258. Calculate d(3).
-6
Let n(q) = -q**3 + 509*q**2 + 267586*q + 1297. What is n(-322)?
9
Let i(w) = w**3 - 1113*w**2 - 3461*w + 126112. Calculate i(1116).
4
Let y(r) = 2*r**3 - 78*r**2 + 68*r + 619. What is y(38)?
315
Let i(n) = -n**3 - 185*n**2 + 143*n - 7996. Give i(-186).
2
Let o(b) = 4*b**3 - 82*b**2 + 4*b - 518. What is o(21)?
448
Let t(l) = -11*l**2 + 194915*l + 13. Give t(0).
13
Let n(l) = -l**2 - 343*l + 92341. Calculate n(180).
-1799
Let r(z) = -4*z**2 + 155*z - 107. Give r(38).
7
Let d(g) = 6*g**2 + 90*g + 977. Determine d(-11).
713
Let w(m) = 10262*m + 451591. Calculate w(-44).
63
Let s(f) = 12602*f + 189001. Calculate s(-15).
-29
Let r(z) = z**3 + 29*z**2 + 82*z - 879. Determine r(-9).
3
Let d(u) = -3*u**3 - 1331*u**2 + 4474*u + 1778. Give d(-447).
-10
Let k(q) = 85*q**3 - 56*q**2 + 194*q + 250. What is k(-1)?
-85
Let z(h) = -12*h**3 - 3132*h**2 + 3139*h - 1297. Give z(-262).
13
Let h(f) = 3*f**2 + 361*f + 8644. Determine h(-88).
108
Let u(i) = -23905*i + 645427. Give u(27).
-8
Let q(t) = -t**2 + 179*t + 15675. Calculate q(243).
123
Let v(a) = -a**3 - 270*a**2 + 544*a + 340. What is v(-272)?
340
Let l(i) = -i**3 + 81*i**2 - 701*i + 71964. What is l(83)?
3
Let y(o) = 402119*o + 23725015. Calculate y(-59).
-6
Let k(i) = 694*i + 28333. Give k(-40).
573
Let i(y) = -1648*y + 66000. What is i(40)?
80
Let d(u) = -u**3 + 41*u**2 + 36*u - 1487. What is d(41)?
-11
Let p(a) = -a**3 + 254*a**2 - 1593*a + 26017. Calculate p(248).
-23
Let q(c) = c**2 + 513*c + 16084. What is q(-34)?
-202
Let t(f) = 7*f**2 + 271*f - 1331. What is t(6)?
547
Let r(i) = 17413*i + 156632. Calculate r(-9).
-85
Let u(r) = -3*r**3 + 1327*r**2 + 13134*r - 11758. What is u(452)?
-6
Let u(q) = 8*q**3 + 684*q**2 + 308*q - 2697. Determine u(-85).
23
Let q(z) = z**3 + 6*z**2 - 824*z - 307. What is q(-32)?
-563
Let a(o) = o**2 + 17293*o - 86502. Calculate a(5).
-12
Let m(i) = 238531*i + 715572. Determine m(-3).
-21
Let a(q) = 11*q**2 - 79115*q + 553287. Calculate a(7).
21
Let b(y) = -2*y**3 + 228*y**2 - 21*y + 2535. What is b(114)?
141
Let f(w) = -99*w - 2336. Give f(-27).
337
Let i(u) = 690*u - 122752. Calculate i(176).
-1312
Let k(a) = 6302*a + 33124. Determine k(-5).
1614
Let p(k) = 161*k + 4626. Give p(-38).
-1492
Let m(t) = t**3 + 40*t**2 - 122*t - 905. Calculate m(-43).
-1206
Let j(v) = -51*v**2 - 800*v + 2862. Calculate j(3).
3
Let r(y) = 18771*y + 225296. Give r(-12).
44
Let m(i) = 323*i - 1332. Calculate m(8).
1252
Let p(h) = h**3 - 39*h**2 + 72*h + 2766. Give p(-7).
8
Let i(n) = -2*n**2 + 188362*n + 3014300. Calculate i(-16).
-4
Let h(n) = -5*n**2 - 677*n - 4734. Calculate h(-128).
2
Let a(r) = r**2 - 43990*r - 528128. What is a(-12)?
-104
Let f(a) = a**2 - 73*a + 588. Give f(43).
-702
Let s(u) = 7655*u + 306226. Determine s(-40).
26
Let o(n) = -2168*n**2 - 8454*n + 872. Determine o(-4).
0
Let k(o) = -o**2 - 4*o - 197. Give k(-7).
-218
Let y(c) = c**3 - 150*c**2 - 943*c + 316. Determine y(156).
-776
Let f(n) = 18*n**2 + 981*n + 3028. Give f(-51).
-185
Let n(t) = 12*t**2 + 2704*t - 7247. Determine n(-228).
49
Let g(m) = 197*m**3 - 2980*m**2 + 4*m + 8. What is g(15)?
-5557
Let b(x) = -4*x**3 + 519*x**2 - 2855*x + 362. Calculate b(124).
-10
Let d(r) = -2*r**3 - 61*r**2 - 43*r